Suppose -a*k = -62*k - 1686. Is k a composite number?
True
Let s = -107 + 110. Is (-1)/(s + -1)*(0 + -16374) a prime number?
False
Let x(g) = 2*g**3 + 134*g**2 + 3*g - 162. Is x(-65) a composite number?
True
Suppose 0 = 312*x - 381*x + 590019. Is x composite?
True
Is (-1)/((10 - (-13384378)/(-1338442))*1/(-3)) a prime number?
True
Let s = -12482 + 15343. Is s composite?
False
Let l(k) = -180*k - 38. Let o(w) = -180*w - 39. Let t(x) = -2*l(x) + 3*o(x). Is t(-10) prime?
True
Suppose 4*p - 2 = -5*w, p = -w - 0*w. Let g(o) = 0 - 52*o - 175*o - 56*o + 6 + 23*o. Is g(p) composite?
True
Let t(y) be the third derivative of y**6/120 - 7*y**5/20 + y**4 - 59*y**3/6 - 36*y**2. Is t(22) a prime number?
True
Suppose 2*c + 2 = 3*j, 0 = 4*c - 9*c + 25. Suppose 2*s - 4*m = 8734, j*s + 4*m - 17503 = 5*m. Is s prime?
False
Suppose 9*v = 10*v - 7. Suppose 5454 = v*u - 9799. Is u composite?
False
Let u(n) = 1322*n**3 - 3*n**2 - 18*n + 101. Is u(4) a composite number?
False
Is (82762/11)/((-14)/(-77)) a prime number?
True
Let q(g) = g**3 + 8*g**2 + 9*g + 1. Let z be q(-7). Let v be (-3 + z)/4*-1. Suppose 0 = -v*l - 906 + 3110. Is l prime?
False
Let o = 120 + -115. Suppose m - o*i = 13, -i = -0*m - m + 5. Suppose m*u = 4*k - 8161, 5*u + 10205 = 5*k - 0*u. Is k a composite number?
True
Suppose 0 = -201*j + 189*j + 585072. Suppose 5*d = -7*d + j. Is d a composite number?
True
Let f(p) = -3111*p**2 - 5*p - 3. Let o be f(-1). Let i = -1665 - o. Let g = i - 273. Is g a prime number?
True
Let w(h) = 2626*h**2 - 54*h - 209. Is w(-12) a prime number?
True
Let t(g) = -424*g + 1469. Is t(-59) prime?
False
Suppose 5*w + 18*w = 2061335 + 2612426. Is w composite?
False
Let t = -138628 - -203987. Is t a composite number?
True
Let p be ((-34)/6 + 2)*(26 + -8). Let g = p + 68. Suppose -5*f + 0*j = -3*j - 14656, 4*f - g*j - 11726 = 0. Is f a composite number?
True
Let s = -524 + 1049. Let l = s - -61. Is l a prime number?
False
Let t(c) = c**3 + 8*c**2 + 5*c. Let m be t(-3). Let j be 4/(-2 + m/9). Suppose 0 = -2*p - 4*v + 250, j*p - 2*v - 394 = -11. Is p prime?
True
Let u = -1805 + 1799. Let i(l) = l**3 + 8*l**2 + 8*l + 7. Let g be i(-6). Let j = g - u. Is j a prime number?
True
Suppose 0 = 48*o - 2098325 - 55293883. Is o prime?
False
Suppose -3 = 3*a + 3*r - 0, -2*a = -4*r - 4. Let u be 1342 + 4/(-5 - 3)*a. Let n = -769 + u. Is n a prime number?
False
Let i(z) = 894*z + 20. Let j be i(10). Suppose -10*h + 7250 = -j. Is h prime?
True
Suppose 2*x - 89 = -4*p - 27, 3*p = -x + 47. Is (10 + p)/(4/394) a prime number?
False
Is (5 + -449931 - -5)*-1 composite?
False
Suppose 2*f - 165*b + 164*b - 1066089 = 0, 0 = -f - 2*b + 533032. Is f a prime number?
False
Is 5/35*-3 + (-8049856)/(-56) a prime number?
False
Let d = 12365 + -10656. Is d a prime number?
True
Let b = -92 - -93. Let h be 0 - (-2 + b) - -4. Suppose 0 = 5*u + h*a - 590, -10 = -4*a + 10. Is u a composite number?
False
Let k(x) = 24*x**2 - 20*x + 38. Let b be k(17). Suppose -5*g + b = -6031. Is g a prime number?
False
Let p(u) = 270*u**3 - 8*u**2 + 10*u + 1. Let z be 110/40 + (-6)/8. Is p(z) a prime number?
False
Suppose 27*x - 72 = 63. Let k(o) = 570*o - 17. Is k(x) composite?
False
Let k be (10/(-4))/((-40)/32). Suppose -4*c = -2*u - 6682, k*u + 10813 = 5*c + 2458. Is c composite?
True
Is 185877710/2774 - 4/38 a prime number?
False
Suppose -3*p + 4 = -2*p. Let f(h) = 16*h - 656. Let a be f(41). Suppose a = -p*z + 2*g + 2980, -z + 632 + 113 = -2*g. Is z a composite number?
True
Let z(x) be the third derivative of 287*x**5/60 - x**4/12 + 7*x**3/6 - x**2. Suppose o + 4 = -3*l, -3*o + 0 = -4*l - 14. Is z(o) a prime number?
True
Let c(n) = 3*n + 2. Let h be c(-2). Let x be -21 + h + -3 - (-4 - -1). Let v = -23 - x. Is v a prime number?
True
Is 3/(6*1/171178) a prime number?
False
Let i be ((-4)/(-8) + -1 + 0)*-22. Suppose -i + 2 = -3*l. Suppose l = -t, -5*q - 7*t + 1184 = -10*t. Is q composite?
True
Is 57806*2 - 2185/95 a composite number?
False
Let c be (-22*13)/(6/66). Let n be -12*(-4527)/10 - 21/(-35). Let p = c + n. Is p prime?
True
Let x be (-1 - 25/(-6)) + 1/(-6). Suppose 0*n - 2*n - 424 = -a, 845 = 2*a - x*n. Let q = a + -289. Is q prime?
False
Let l(a) = 743*a**2 + 33*a + 23. Is l(-12) a prime number?
True
Suppose 8 = 4*h, 0 = -101*g + 97*g + 5*h + 33274. Is g a composite number?
True
Suppose 4*b - 74842 = 2*p, 5*b + 171*p - 170*p = 93542. Is b a prime number?
False
Suppose 0 = -2362*l + 2330*l + 703712. Is l prime?
True
Let a(h) = 401*h**3 - 12*h**2 + 10*h + 221. Is a(10) composite?
True
Is 23/(460/180) + 48362 a prime number?
True
Let z = 1 - 1. Let u be (z/(1 - -2))/4. Suppose -v + 0*s = -s - 209, u = 5*v - s - 1045. Is v prime?
False
Let u be (-10)/12 + 427130/132. Suppose 5*n + 0*n = u. Is n a prime number?
True
Let q(b) = -9*b**3 - 5*b**2 - 2*b + 1. Let v(j) = 2*j**2 - 5*j. Let w be v(3). Let p = w + -7. Is q(p) composite?
True
Suppose 27 = 4*i - 5*s, 0 = 3*i - 6*i - 2*s + 26. Suppose 22*q = 20*q + i. Suppose -z + p = -q*z + 1138, -5*p = z - 356. Is z prime?
False
Is 7/(-49)*-49 - -164527 a prime number?
False
Suppose 11*p - 601121 + 132404 = 462796. Is p a composite number?
True
Let u = 298 + -309. Is (-5 - -12) + u + 9309 prime?
False
Let v be 2/(5 - (0 - -4)). Suppose 2*p + 4*w = 6*w + 392, v*p = -3*w + 367. Is p composite?
False
Suppose -2309008 = -5*b + o, 5*b + 2*o - 3043698 + 734699 = 0. Is b composite?
False
Let k(l) = -8*l + 1654. Let o(u) = 1. Let p(r) = k(r) + 3*o(r). Is p(0) a prime number?
True
Let q be (-34)/((2/(-8))/(387/72)). Let w = 1882 - q. Is w prime?
True
Suppose -2*g = 5*f - 21, -3*g + 0*g + 9 = 0. Suppose 4*y + 24 = 5*q, 5*q = f*y + 26 - 3. Suppose 176 = q*i - 100. Is i composite?
True
Let m = -884 - -512. Is ((-7)/(-3))/((32/m)/(-8)) a composite number?
True
Let h(p) = 180*p + 31. Suppose 6*a - 39 = -15. Suppose -2*n = -b - 38, b + 84 = 5*n + a*b. Is h(n) a prime number?
True
Let j be 44/33*(-10641)/(-1). Suppose 3*m + j = 7*m. Is m a composite number?
False
Suppose 3*d + 8 = 14. Is (1 + 2 - 19794/(-12))*d a prime number?
False
Let z = 65259 - 24388. Is z a prime number?
False
Let p = -61 + 64. Suppose -g - 4*s = -2445, -2*g = 2*g - p*s - 9818. Is g a prime number?
False
Is (-4993989)/(-35) + 12/10*3/(-9) a composite number?
True
Let f(s) be the second derivative of 137*s**6/120 - s**5/20 - s**4/24 + 3*s**3/2 + 4*s. Let n(j) be the second derivative of f(j). Is n(-2) a prime number?
False
Let u be 504/(-5)*(-350)/4. Let b = u + -301. Is b prime?
False
Let f(h) = -h**2 + 11*h + 3. Let p be f(12). Let k(b) = 3*b - 23. Let y be k(p). Let v = y + 315. Is v composite?
True
Suppose -18*y - 10 = -20*y. Suppose n - 11159 = 4*i, -y*n - 16*i = -11*i - 55920. Is n a composite number?
True
Suppose 21 = 3*d, 5*b = 4*b - d + 225392. Is b prime?
False
Let w be ((-28)/(-28))/((-2)/(-52)). Is (-8 + w/3)/((-2)/(-1131)) prime?
False
Let w be (-54)/12 + 7 - (-20)/(-8). Suppose w = -76*g + 65*g + 18007. Is g composite?
False
Let c(l) = -l**2 + 69*l - 81. Let b be c(28). Let o = b + 834. Is o a composite number?
False
Suppose -5*m - 313 + 1903 = 0. Suppose 309*g - m*g = -50013. Is g a composite number?
False
Let b be (-3)/(-3) + -2 + 3. Suppose -3*z = v - 39, b*v + 3 = 3*z + 63. Let i = v + 188. Is i a prime number?
False
Let g(m) = m**3 + 41*m**2 - 150*m - 278. Is g(-36) a prime number?
False
Suppose -9 = 4*l - 1. Let g be (l + 148)*(-738)/12. Is (-20)/(-50) + g/(-15) a composite number?
False
Let l = -52768 + 96785. Is l composite?
False
Suppose -9*r - 35*r - 30272 = 0. Let m = 385 - r. Is m a prime number?
False
Suppose 68*z - 1266412 = 31443560. Is z a composite number?
True
Let p(j) be the third derivative of -3569*j**4/24 - 40*j**3/3 - 300*j**2. Is p(-3) a prime number?
True
Let s(n) = -n**3 - 8*n**2 - 16*n - 140. Let y be s(-8). Let r(m) = 89*m**2 - 68*m - 61. Is r(y) composite?
True
Let l = 12 - 1. Suppose -l*v + 47 = 3. Suppose 3*c - 488 = -2*x + 543, -v*x + 5*c + 2073 = 0. Is x a composite number?
True
Let r be (-15)/30 + (-5218)/4. Let f = r - -4340. Is f a prime number?
False
Let n(j) = j**2 + 2*j + 1. Let s(d) = -10*d**3 - 2*d**2 + 3*d - 5. Let r(c) = -4*n(c) - s(c). Is r(10) composite?
True
Let v(s) = -2*s**2 - 26*s + 5. Let n be v(-13). Suppose 3*g = 7*g + n*q - 9933, 9918 = 4*g + 2*q. Is g a c